{"id":344,"date":"2022-01-16T17:08:40","date_gmt":"2022-01-16T17:08:40","guid":{"rendered":"https:\/\/afrourramba.org\/\/?page_id=344"},"modified":"2022-01-16T17:15:04","modified_gmt":"2022-01-16T17:15:04","slug":"principales-problematicas","status":"publish","type":"page","link":"https:\/\/afrourramba.org\/index.php\/principales-problematicas\/","title":{"rendered":"Principales problem\u00e1ticas"},"content":{"rendered":"\n<div id=\"rise-blocks-section-block-instance-0-add31c8-578-808-a4a8-82bb82356e8\" class=\"wp-block-rise-blocks-section\"><div class=\"rise-blocks-boxed rise-blocks-section-wrapper\"><div class=\"rise-blocks-section-inner\">\n<div class=\"wp-block-columns is-layout-flex wp-container-core-columns-is-layout-9d6595d7 wp-block-columns-is-layout-flex\">\n<div class=\"wp-block-column is-layout-flow wp-block-column-is-layout-flow\">\n<section id=\"rise-blocks-heading-block-instance-0-67d25e2-7cb-c72e-c4-ddf6f176bf4\"><div class=\"rise-blocks-heading-section wp-block-rise-blocks-heading left\"><span class=\"rise-blocks-sub-title\">pROBLEMAS ENFRENTADOS<\/span><h1 class=\"rise-blocks-title\">CONDICIONES DE VIDA DE LA POBLACI\u00d3N AFRO<\/h1><span class=\"rise-blocks-line\"><\/span><div class=\"rise-blocks-sub-description\">La Comisi\u00f3n Intersectorial para el Avance la Poblaci\u00f3n Afrocolombiana (Ministerio de Cultura), evalu\u00f3 las condiciones de vida de la poblaci\u00f3n afrocolombiana, palenquera y raizal; y present\u00f3 al gobierno Nacional para la superaci\u00f3n de las barreras de desarrollo econ\u00f3mico y social de esta poblaci\u00f3n, entre los que cabe mencionar los siguientes, que corresponden a las principales problem\u00e1ticas de la poblaci\u00f3n afrodescendiente del pa\u00eds:<br><br>&#8211; Racismo y discriminaci\u00f3n racial<br>&#8211; Baja participaci\u00f3n y representaci\u00f3n de la poblaci\u00f3n afro en espacios pol\u00edticos e institucionales de decisi\u00f3n.<br>&#8211; D\u00e9bil capacidad institucional de los procesos organizativos de la poblaci\u00f3n afrocolombiana, palenquera y raizal.<br>&#8211; Mayores dificultades para el acceso, permanencia y calidad en el ciclo educativo, lo cual limita el acceso a empleos de calidad, y opciones de emprendimiento, reduciendo las oportunidades de superaci\u00f3n de la pobreza.<br>&#8211; Desigualdad en el acceso al mercado laboral y vinculaci\u00f3n a trabajos de baja especializaci\u00f3n y remuneraci\u00f3n (empleos de baja calidad).<br>&#8211; Escaso reconocimiento y valoraci\u00f3n social de la diversidad \u00e9tnica y cultural como uno de los factores que definen la identidad nacional.<br>&#8211; Deficiencias, en materia de seguridad jur\u00eddica, de los derechos de propiedad de los territorios colectivos.<br>&#8211; Insuficiencia en la incorporaci\u00f3n e implementaci\u00f3n de las iniciativas y propuestas que surgen de la poblaci\u00f3n afrocolombiana, palenquera y raizal.<br>&#8211; Baja disponibilidad de informaci\u00f3n sobre poblaci\u00f3n afro, que ampl\u00ede la cuantificaci\u00f3n y focalizaci\u00f3n de los beneficiarios, y que alimente una pol\u00edtica p\u00fablica adecuada a las particularidades \u00e9tnicas y territoriales.<br><br><\/div><\/div><\/section>\n<\/div>\n\n\n\n<div class=\"wp-block-column is-layout-flow wp-block-column-is-layout-flow\">\n<figure class=\"wp-block-gallery columns-1 is-cropped wp-block-gallery-1 is-layout-flex wp-block-gallery-is-layout-flex\"><ul class=\"blocks-gallery-grid\"><li class=\"blocks-gallery-item\"><figure><img fetchpriority=\"high\" decoding=\"async\" width=\"1024\" height=\"576\" src=\"https:\/\/afrourramba.org\/\/wp-content\/uploads\/2021\/12\/Secuencia-01.00_00_27_20.Imagen-fija017-1024x576.png\" alt=\"\" data-id=\"214\" data-full-url=\"https:\/\/afrourramba.org\/\/wp-content\/uploads\/2021\/12\/Secuencia-01.00_00_27_20.Imagen-fija017.png\" data-link=\"https:\/\/afrourramba.org\/\/secuencia-01-00_00_27_20-imagen-fija017\/\" class=\"wp-image-214\" srcset=\"https:\/\/afrourramba.org\/wp-content\/uploads\/2021\/12\/Secuencia-01.00_00_27_20.Imagen-fija017-1024x576.png 1024w, https:\/\/afrourramba.org\/wp-content\/uploads\/2021\/12\/Secuencia-01.00_00_27_20.Imagen-fija017-300x169.png 300w, https:\/\/afrourramba.org\/wp-content\/uploads\/2021\/12\/Secuencia-01.00_00_27_20.Imagen-fija017-768x432.png 768w, https:\/\/afrourramba.org\/wp-content\/uploads\/2021\/12\/Secuencia-01.00_00_27_20.Imagen-fija017-1536x864.png 1536w, https:\/\/afrourramba.org\/wp-content\/uploads\/2021\/12\/Secuencia-01.00_00_27_20.Imagen-fija017.png 1977w\" sizes=\"(max-width: 1024px) 100vw, 1024px\" \/><\/figure><\/li><li class=\"blocks-gallery-item\"><figure><img decoding=\"async\" width=\"1024\" height=\"576\" src=\"https:\/\/afrourramba.org\/\/wp-content\/uploads\/2021\/12\/IMG_8724-1024x576.png\" alt=\"\" data-id=\"195\" data-full-url=\"https:\/\/afrourramba.org\/\/wp-content\/uploads\/2021\/12\/IMG_8724.png\" data-link=\"https:\/\/afrourramba.org\/\/img_8724\/\" class=\"wp-image-195\" srcset=\"https:\/\/afrourramba.org\/wp-content\/uploads\/2021\/12\/IMG_8724-1024x576.png 1024w, https:\/\/afrourramba.org\/wp-content\/uploads\/2021\/12\/IMG_8724-300x169.png 300w, https:\/\/afrourramba.org\/wp-content\/uploads\/2021\/12\/IMG_8724-768x432.png 768w, https:\/\/afrourramba.org\/wp-content\/uploads\/2021\/12\/IMG_8724-1536x864.png 1536w, https:\/\/afrourramba.org\/wp-content\/uploads\/2021\/12\/IMG_8724.png 1977w\" sizes=\"(max-width: 1024px) 100vw, 1024px\" \/><\/figure><\/li><li class=\"blocks-gallery-item\"><figure><img decoding=\"async\" width=\"1024\" height=\"576\" src=\"https:\/\/afrourramba.org\/\/wp-content\/uploads\/2021\/12\/Secuencia-01.00_00_05_15.Imagen-fija005-1024x576.png\" alt=\"\" data-id=\"202\" data-full-url=\"https:\/\/afrourramba.org\/\/wp-content\/uploads\/2021\/12\/Secuencia-01.00_00_05_15.Imagen-fija005.png\" data-link=\"https:\/\/afrourramba.org\/\/secuencia-01-00_00_05_15-imagen-fija005\/\" class=\"wp-image-202\" srcset=\"https:\/\/afrourramba.org\/wp-content\/uploads\/2021\/12\/Secuencia-01.00_00_05_15.Imagen-fija005-1024x576.png 1024w, https:\/\/afrourramba.org\/wp-content\/uploads\/2021\/12\/Secuencia-01.00_00_05_15.Imagen-fija005-300x169.png 300w, https:\/\/afrourramba.org\/wp-content\/uploads\/2021\/12\/Secuencia-01.00_00_05_15.Imagen-fija005-768x432.png 768w, https:\/\/afrourramba.org\/wp-content\/uploads\/2021\/12\/Secuencia-01.00_00_05_15.Imagen-fija005-1536x864.png 1536w, https:\/\/afrourramba.org\/wp-content\/uploads\/2021\/12\/Secuencia-01.00_00_05_15.Imagen-fija005.png 1977w\" sizes=\"(max-width: 1024px) 100vw, 1024px\" \/><\/figure><\/li><li class=\"blocks-gallery-item\"><figure><img loading=\"lazy\" decoding=\"async\" width=\"1024\" height=\"576\" src=\"https:\/\/afrourramba.org\/\/wp-content\/uploads\/2021\/12\/Secuencia-01.00_01_23_19.Imagen-fija034-1024x576.png\" alt=\"\" data-id=\"231\" data-full-url=\"https:\/\/afrourramba.org\/\/wp-content\/uploads\/2021\/12\/Secuencia-01.00_01_23_19.Imagen-fija034.png\" data-link=\"https:\/\/afrourramba.org\/\/secuencia-01-00_01_23_19-imagen-fija034\/\" class=\"wp-image-231\" srcset=\"https:\/\/afrourramba.org\/wp-content\/uploads\/2021\/12\/Secuencia-01.00_01_23_19.Imagen-fija034-1024x576.png 1024w, https:\/\/afrourramba.org\/wp-content\/uploads\/2021\/12\/Secuencia-01.00_01_23_19.Imagen-fija034-300x169.png 300w, https:\/\/afrourramba.org\/wp-content\/uploads\/2021\/12\/Secuencia-01.00_01_23_19.Imagen-fija034-768x432.png 768w, https:\/\/afrourramba.org\/wp-content\/uploads\/2021\/12\/Secuencia-01.00_01_23_19.Imagen-fija034-1536x864.png 1536w, https:\/\/afrourramba.org\/wp-content\/uploads\/2021\/12\/Secuencia-01.00_01_23_19.Imagen-fija034.png 1977w\" sizes=\"(max-width: 1024px) 100vw, 1024px\" \/><\/figure><\/li><\/ul><\/figure>\n<\/div>\n<\/div>\n<\/div><\/div><\/div>\n","protected":false},"excerpt":{"rendered":"<p>AFROURRAMBA, ayuda a la superaci\u00f3n de las barreras de desarrollo econ\u00f3mico y social de esta poblaci\u00f3n: Discriminaci\u00f3n, pobreza, desigualdad, entre otros.<\/p>\n","protected":false},"author":1,"featured_media":202,"parent":0,"menu_order":0,"comment_status":"closed","ping_status":"closed","template":"","meta":{"footnotes":""},"class_list":["post-344","page","type-page","status-publish","has-post-thumbnail","hentry"],"rise-blocks_excerpt":"AFROURRAMBA, ayuda a la superaci\u00f3n de las barreras de desarrollo econ\u00f3mico y social de esta poblaci\u00f3n: Discriminaci\u00f3n, pobreza, desigualdad, entre otros.","_links":{"self":[{"href":"https:\/\/afrourramba.org\/index.php\/wp-json\/wp\/v2\/pages\/344","targetHints":{"allow":["GET"]}}],"collection":[{"href":"https:\/\/afrourramba.org\/index.php\/wp-json\/wp\/v2\/pages"}],"about":[{"href":"https:\/\/afrourramba.org\/index.php\/wp-json\/wp\/v2\/types\/page"}],"author":[{"embeddable":true,"href":"https:\/\/afrourramba.org\/index.php\/wp-json\/wp\/v2\/users\/1"}],"replies":[{"embeddable":true,"href":"https:\/\/afrourramba.org\/index.php\/wp-json\/wp\/v2\/comments?post=344"}],"version-history":[{"count":3,"href":"https:\/\/afrourramba.org\/index.php\/wp-json\/wp\/v2\/pages\/344\/revisions"}],"predecessor-version":[{"id":350,"href":"https:\/\/afrourramba.org\/index.php\/wp-json\/wp\/v2\/pages\/344\/revisions\/350"}],"wp:featuredmedia":[{"embeddable":true,"href":"https:\/\/afrourramba.org\/index.php\/wp-json\/wp\/v2\/media\/202"}],"wp:attachment":[{"href":"https:\/\/afrourramba.org\/index.php\/wp-json\/wp\/v2\/media?parent=344"}],"curies":[{"name":"wp","href":"https:\/\/api.w.org\/{rel}","templated":true}]}}

Principales problemáticas

<div id="rise-blocks-section-block-instance-0-add31c8-578-808-a4a8-82bb82356e8" class="wp-block-rise-blocks-section"><div class="rise-blocks-boxed rise-blocks-section-wrapper"><div class="rise-blocks-section-inner">
<div class="wp-block-columns is-layout-flex wp-container-core-columns-is-layout-9d6595d7 wp-block-columns-is-layout-flex">
<div class="wp-block-column is-layout-flow wp-block-column-is-layout-flow">
<section id="rise-blocks-heading-block-instance-0-67d25e2-7cb-c72e-c4-ddf6f176bf4"><div class="rise-blocks-heading-section wp-block-rise-blocks-heading left"><span class="rise-blocks-sub-title">pROBLEMAS ENFRENTADOS</span><h1 class="rise-blocks-title">CONDICIONES DE VIDA DE LA POBLACIÓN AFRO</h1><span class="rise-blocks-line"></span><div class="rise-blocks-sub-description">La Comisión Intersectorial para el Avance la Población Afrocolombiana (Ministerio de Cultura), evaluó las condiciones de vida de la población afrocolombiana, palenquera y raizal; y presentó al gobierno Nacional para la superación de las barreras de desarrollo económico y social de esta población, entre los que cabe mencionar los siguientes, que corresponden a las principales problemáticas de la población afrodescendiente del país:<br><br>&#8211; Racismo y discriminación racial<br>&#8211; Baja participación y representación de la población afro en espacios políticos e institucionales de decisión.<br>&#8211; Débil capacidad institucional de los procesos organizativos de la población afrocolombiana, palenquera y raizal.<br>&#8211; Mayores dificultades para el acceso, permanencia y calidad en el ciclo educativo, lo cual limita el acceso a empleos de calidad, y opciones de emprendimiento, reduciendo las oportunidades de superación de la pobreza.<br>&#8211; Desigualdad en el acceso al mercado laboral y vinculación a trabajos de baja especialización y remuneración (empleos de baja calidad).<br>&#8211; Escaso reconocimiento y valoración social de la diversidad étnica y cultural como uno de los factores que definen la identidad nacional.<br>&#8211; Deficiencias, en materia de seguridad jurídica, de los derechos de propiedad de los territorios colectivos.<br>&#8211; Insuficiencia en la incorporación e implementación de las iniciativas y propuestas que surgen de la población afrocolombiana, palenquera y raizal.<br>&#8211; Baja disponibilidad de información sobre población afro, que amplíe la cuantificación y focalización de los beneficiarios, y que alimente una política pública adecuada a las particularidades étnicas y territoriales.<br><br></div></div></section>
</div>



<div class="wp-block-column is-layout-flow wp-block-column-is-layout-flow">
<figure class="wp-block-gallery columns-1 is-cropped wp-block-gallery-1 is-layout-flex wp-block-gallery-is-layout-flex"><ul class="blocks-gallery-grid"><li class="blocks-gallery-item"><figure><img fetchpriority="high" decoding="async" width="1024" height="576" src="https://afrourramba.org//wp-content/uploads/2021/12/Secuencia-01.00_00_27_20.Imagen-fija017-1024x576.png" alt="" data-id="214" data-full-url="https://afrourramba.org//wp-content/uploads/2021/12/Secuencia-01.00_00_27_20.Imagen-fija017.png" data-link="https://afrourramba.org//secuencia-01-00_00_27_20-imagen-fija017/" class="wp-image-214" srcset="https://afrourramba.org/wp-content/uploads/2021/12/Secuencia-01.00_00_27_20.Imagen-fija017-1024x576.png 1024w, https://afrourramba.org/wp-content/uploads/2021/12/Secuencia-01.00_00_27_20.Imagen-fija017-300x169.png 300w, https://afrourramba.org/wp-content/uploads/2021/12/Secuencia-01.00_00_27_20.Imagen-fija017-768x432.png 768w, https://afrourramba.org/wp-content/uploads/2021/12/Secuencia-01.00_00_27_20.Imagen-fija017-1536x864.png 1536w, https://afrourramba.org/wp-content/uploads/2021/12/Secuencia-01.00_00_27_20.Imagen-fija017.png 1977w" sizes="(max-width: 1024px) 100vw, 1024px" /></figure></li><li class="blocks-gallery-item"><figure><img decoding="async" width="1024" height="576" src="https://afrourramba.org//wp-content/uploads/2021/12/IMG_8724-1024x576.png" alt="" data-id="195" data-full-url="https://afrourramba.org//wp-content/uploads/2021/12/IMG_8724.png" data-link="https://afrourramba.org//img_8724/" class="wp-image-195" srcset="https://afrourramba.org/wp-content/uploads/2021/12/IMG_8724-1024x576.png 1024w, https://afrourramba.org/wp-content/uploads/2021/12/IMG_8724-300x169.png 300w, https://afrourramba.org/wp-content/uploads/2021/12/IMG_8724-768x432.png 768w, https://afrourramba.org/wp-content/uploads/2021/12/IMG_8724-1536x864.png 1536w, https://afrourramba.org/wp-content/uploads/2021/12/IMG_8724.png 1977w" sizes="(max-width: 1024px) 100vw, 1024px" /></figure></li><li class="blocks-gallery-item"><figure><img decoding="async" width="1024" height="576" src="https://afrourramba.org//wp-content/uploads/2021/12/Secuencia-01.00_00_05_15.Imagen-fija005-1024x576.png" alt="" data-id="202" data-full-url="https://afrourramba.org//wp-content/uploads/2021/12/Secuencia-01.00_00_05_15.Imagen-fija005.png" data-link="https://afrourramba.org//secuencia-01-00_00_05_15-imagen-fija005/" class="wp-image-202" srcset="https://afrourramba.org/wp-content/uploads/2021/12/Secuencia-01.00_00_05_15.Imagen-fija005-1024x576.png 1024w, https://afrourramba.org/wp-content/uploads/2021/12/Secuencia-01.00_00_05_15.Imagen-fija005-300x169.png 300w, https://afrourramba.org/wp-content/uploads/2021/12/Secuencia-01.00_00_05_15.Imagen-fija005-768x432.png 768w, https://afrourramba.org/wp-content/uploads/2021/12/Secuencia-01.00_00_05_15.Imagen-fija005-1536x864.png 1536w, https://afrourramba.org/wp-content/uploads/2021/12/Secuencia-01.00_00_05_15.Imagen-fija005.png 1977w" sizes="(max-width: 1024px) 100vw, 1024px" /></figure></li><li class="blocks-gallery-item"><figure><img loading="lazy" decoding="async" width="1024" height="576" src="https://afrourramba.org//wp-content/uploads/2021/12/Secuencia-01.00_01_23_19.Imagen-fija034-1024x576.png" alt="" data-id="231" data-full-url="https://afrourramba.org//wp-content/uploads/2021/12/Secuencia-01.00_01_23_19.Imagen-fija034.png" data-link="https://afrourramba.org//secuencia-01-00_01_23_19-imagen-fija034/" class="wp-image-231" srcset="https://afrourramba.org/wp-content/uploads/2021/12/Secuencia-01.00_01_23_19.Imagen-fija034-1024x576.png 1024w, https://afrourramba.org/wp-content/uploads/2021/12/Secuencia-01.00_01_23_19.Imagen-fija034-300x169.png 300w, https://afrourramba.org/wp-content/uploads/2021/12/Secuencia-01.00_01_23_19.Imagen-fija034-768x432.png 768w, https://afrourramba.org/wp-content/uploads/2021/12/Secuencia-01.00_01_23_19.Imagen-fija034-1536x864.png 1536w, https://afrourramba.org/wp-content/uploads/2021/12/Secuencia-01.00_01_23_19.Imagen-fija034.png 1977w" sizes="(max-width: 1024px) 100vw, 1024px" /></figure></li></ul></figure>
</div>
</div>
</div></div></div>

<p>AFROURRAMBA, ayuda a la superación de las barreras de desarrollo económico y social de esta población: Discriminación, pobreza, desigualdad, entre otros.</p>

AFROURRAMBA, ayuda a la superación de las barreras de desarrollo económico y social de esta población: Discriminación, pobreza, desigualdad, entre otros.
