{"id":473,"date":"2022-01-17T00:30:45","date_gmt":"2022-01-17T00:30:45","guid":{"rendered":"https:\/\/afrourramba.org\/\/?page_id=473"},"modified":"2022-01-17T02:53:49","modified_gmt":"2022-01-17T02:53:49","slug":"musica","status":"publish","type":"page","link":"https:\/\/afrourramba.org\/index.php\/musica\/","title":{"rendered":"M\u00fasica"},"content":{"rendered":"\n<div id=\"rise-blocks-section-block-instance-0-81b41cf-1ee7-362d-2ee3-01c433713ebe\" class=\"wp-block-rise-blocks-section\"><div class=\"rise-blocks-boxed rise-blocks-section-wrapper\"><div class=\"rise-blocks-section-inner\">\n<div class=\"wp-block-columns is-layout-flex wp-container-core-columns-is-layout-9d6595d7 wp-block-columns-is-layout-flex\">\n<div class=\"wp-block-column is-layout-flow wp-block-column-is-layout-flow\">\n<section id=\"rise-blocks-heading-block-instance-0-6f815c-ae2-f00-6676-ff6a0cbafdc4\"><div class=\"rise-blocks-heading-section wp-block-rise-blocks-heading left\"><span class=\"rise-blocks-sub-title\">m\u00daSICA<\/span><h1 class=\"rise-blocks-title\">M\u00fasica Afrocolombiana<\/h1><span class=\"rise-blocks-line\"><\/span><div class=\"rise-blocks-sub-description\">La m\u00fasica afrocolombiana conecta con la tierra y las ra\u00edces est\u00e1 relacionada con la herencia africana ya que ha pasado de generaci\u00f3n y generaci\u00f3n, es transmitida por adultos sabedores a trav\u00e9s de la muestra y ense\u00f1anza de instrumentos musicales, cantos, celebraciones en la comunidad y despedida de muertos. <br><br>A trav\u00e9s de la m\u00fasica nosotros como asociaci\u00f3n y con el apoyo de adultos sabedores damos a conocer y resaltar el valor cultural de nuestros afrocolombianos, impulsar las manifestaciones art\u00edsticas y culturales con el prop\u00f3sito de que se conserve su tradici\u00f3n e identidad cultural y se transmita a ni\u00f1os, ni\u00f1as y adolescente de nuestro pa\u00eds.<\/div><\/div><\/section>\n<\/div>\n\n\n\n<div class=\"wp-block-column is-layout-flow wp-block-column-is-layout-flow\"><p>[metaslider id=&#8221;443&#8243;]<\/p>\n\n\n\n<section id=\"rise-blocks-heading-block-instance-1-711fc-6a63-0200-50b-0e655cabf35\"><div class=\"rise-blocks-heading-section wp-block-rise-blocks-heading center\"><h1 class=\"rise-blocks-title\">Nuestros espacios promueven el valor de la cultura Afro.<\/h1><span class=\"rise-blocks-line\"><\/span><\/div><\/section>\n<\/div>\n<\/div>\n<\/div><\/div><\/div>\n\n\n\n<figure class=\"wp-block-image alignwide size-full\"><img fetchpriority=\"high\" decoding=\"async\" width=\"1000\" height=\"250\" src=\"https:\/\/afrourramba.org\/\/wp-content\/uploads\/2022\/01\/DSS.png\" alt=\"\" class=\"wp-image-431\" srcset=\"https:\/\/afrourramba.org\/wp-content\/uploads\/2022\/01\/DSS.png 1000w, https:\/\/afrourramba.org\/wp-content\/uploads\/2022\/01\/DSS-300x75.png 300w, https:\/\/afrourramba.org\/wp-content\/uploads\/2022\/01\/DSS-768x192.png 768w\" sizes=\"(max-width: 1000px) 100vw, 1000px\" \/><\/figure>\n\n\n\n<div id=\"rise-blocks-section-block-instance-1-71e703-086-a1e5-5136-6a550e7ac84\" class=\"wp-block-rise-blocks-section\"><div class=\"rise-blocks-boxed rise-blocks-section-wrapper\"><div class=\"rise-blocks-section-inner\">\n<section id=\"rise-blocks-heading-block-instance-2-e1feb83-65c-21-ab38-660cdad287a\"><div class=\"rise-blocks-heading-section wp-block-rise-blocks-heading left\"><span class=\"rise-blocks-sub-title\">Aprende +<\/span><h1 class=\"rise-blocks-title\"><strong>Sobre nuestra m\u00fasica<\/strong><\/h1><span class=\"rise-blocks-line\"><\/span><div class=\"rise-blocks-sub-description\">La diversidad cultural es una caracter\u00edstica esencial de la humanidad y un factor clave de su desarrollo. La comunidad afrocolombiana es reconocida por su compleja y rica diversidad cultural que se expresa en una gran pluralidad de identidades y de expresiones culturales. La diversidad cultural es una caracter\u00edstica esencial de la humanidad, patrimonio com\u00fan que debe valorarse y preservarse en provecho de todos, pues crea un mundo rico y variado, que acrecienta la gama de posibilidades y nutre las capacidades y los valores humanos, y constituye, por lo tanto, uno de los principales motores del desarrollo sostenible de las comunidades, los pueblos y las naciones.<br><br><strong>Reguet\u00f3n<\/strong>: Este ritmo conserva caracter\u00edsticas musicales t\u00edpicamente africanas, donde los tambores, en funci\u00f3n coral, se alternan con el canto y el palmoteo. Se emplea para enmarcar un juego coreogr\u00e1fico, en el que los bailarines ejecutan diversas figuras para conquistar a las mujeres. <br><br><strong>Bullarengue<\/strong>: El\u00a0bullarengue\u00a0es un g\u00e9nero musical y una danza de la Costa Caribe de Colombia y de la provincia de Dari\u00e9n, Panam\u00e1. En Colombia es ejecutado principalmente por los actuales descendientes de los cimarrones que habitaron el Palenque de San Basilio. En Colombia, &#8220;bullerengue&#8221; o &#8220;bullarengue&#8221; significa &#8220;poller\u00f3n&#8221; (falda grande, usada especialmente en fiestas).<br><br><strong>Cumbia<\/strong>: La\u00a0cumbia\u00a0es un ritmo y un baile folcl\u00f3rico aut\u00f3ctono de la\u00a0Costa Caribe colombiana\u00a0con variantes de car\u00e1cter igualmente folcl\u00f3rico en\u00a0Panam\u00e1. La cumbia surge del\u00a0sincretismo musical\u00a0y cultural de negros, ind\u00edgenas y, en menor escala, de los europeos en la regi\u00f3n del delta del\u00a0r\u00edo Magdalena\u00a0en la Costa Caribe Colombiana, con epicentro en la regi\u00f3n de la poblaci\u00f3n de\u00a0El Banco, Magdalena, hasta Barranquilla. Es un ritmo popular en distintos pa\u00edses latinoamericanos. Es originaria de la parte alta del valle del r\u00edo Magdalena, de la zona geogr\u00e1fica denominada\u00a0Depresi\u00f3n Momposina, y a\u00fan m\u00e1s precisamente de la zona correspondiente al pa\u00eds ind\u00edgena Pocabuy.<br><br><strong>La Tambora<\/strong>: El baile de Tambora o Baile cantao se realiza por parejas que danzan en forma circular. Es una danza cadenciosa y sensual donde los pies no se levantan del suelo, donde las caderas van serenas sin movimientos exagerados. A trav\u00e9s de este ritmo y su danza es posible penetrar en lo m\u00e1s profundo del sentimiento de los pueblos ribere\u00f1os del r\u00edo Magdalena de donde es originaria.<br><br><strong>Chocuano:<\/strong> Es una danza religiosa. Es diferente al currulao aunque se interpreta con los mismos instrumentos. Est\u00e1 muy extendido entre las comunidades afrocolombianas del\u00a0litoral Pac\u00edfico, con un posible ascendiente en\u00a0Sierra Leona\u00a0(\u00c1frica).<br>La caderona: Es un ritmo-canto y baile cuya coreograf\u00eda representa la supervivencia de los antiguos land\u00f3s, vacunaos, o la\u00a0danza del vientre, tradicional entre los esclavos africanos. Se interpreta con los mismos instrumentos de las danzas anteriores.<br><br><strong>El currulao<\/strong>: Es una danza afrocolombiana es el estilo de baile m\u00e1s popular para muchas comunidades afrocolombianas a lo largo de la costa del Pac\u00edfico. Tiene caracter\u00edsticas que resumen las influencias africanas tra\u00eddas durante el per\u00edodo colonial por los mineros en las cuencas de los r\u00edos del occidente del territorio. En la pr\u00e1ctica, es posible observar referencias de un rito sacramental de fuerza ancestral y magia en el currulao.<br><br><strong>El abozao: <\/strong>Es una danza y ritmo t\u00edpico del Choc\u00f3. Se origina en la cuenca del r\u00edo Atrato, como expresi\u00f3n preferentemente instrumental y hace parte del repertorio festivo cuya ejecuci\u00f3n se hace con\u00a0Chirim\u00eda. La coreograf\u00eda se traza como un juego de excitaci\u00f3n mutuas entre el hombre y la mujer, en cada pareja, terminando con un cara a cara er\u00f3tico.<\/div><\/div><\/section>\n<\/div><\/div><\/div>\n","protected":false},"excerpt":{"rendered":"<p>La m\u00fasica afrocolombiana conecta con la tierra y las ra\u00edces est\u00e1 relacionada con la herencia africana ya que ha pasado de generaci\u00f3n y generaci\u00f3n.<\/p>\n","protected":false},"author":1,"featured_media":199,"parent":0,"menu_order":0,"comment_status":"closed","ping_status":"closed","template":"","meta":{"footnotes":""},"class_list":["post-473","page","type-page","status-publish","has-post-thumbnail","hentry"],"rise-blocks_excerpt":"La m\u00fasica afrocolombiana conecta con la tierra y las ra\u00edces est\u00e1 relacionada con la herencia africana ya que ha pasado de generaci\u00f3n y generaci\u00f3n.","_links":{"self":[{"href":"https:\/\/afrourramba.org\/index.php\/wp-json\/wp\/v2\/pages\/473","targetHints":{"allow":["GET"]}}],"collection":[{"href":"https:\/\/afrourramba.org\/index.php\/wp-json\/wp\/v2\/pages"}],"about":[{"href":"https:\/\/afrourramba.org\/index.php\/wp-json\/wp\/v2\/types\/page"}],"author":[{"embeddable":true,"href":"https:\/\/afrourramba.org\/index.php\/wp-json\/wp\/v2\/users\/1"}],"replies":[{"embeddable":true,"href":"https:\/\/afrourramba.org\/index.php\/wp-json\/wp\/v2\/comments?post=473"}],"version-history":[{"count":37,"href":"https:\/\/afrourramba.org\/index.php\/wp-json\/wp\/v2\/pages\/473\/revisions"}],"predecessor-version":[{"id":535,"href":"https:\/\/afrourramba.org\/index.php\/wp-json\/wp\/v2\/pages\/473\/revisions\/535"}],"wp:featuredmedia":[{"embeddable":true,"href":"https:\/\/afrourramba.org\/index.php\/wp-json\/wp\/v2\/media\/199"}],"wp:attachment":[{"href":"https:\/\/afrourramba.org\/index.php\/wp-json\/wp\/v2\/media?parent=473"}],"curies":[{"name":"wp","href":"https:\/\/api.w.org\/{rel}","templated":true}]}}

Música

<div id="rise-blocks-section-block-instance-0-81b41cf-1ee7-362d-2ee3-01c433713ebe" class="wp-block-rise-blocks-section"><div class="rise-blocks-boxed rise-blocks-section-wrapper"><div class="rise-blocks-section-inner">
<div class="wp-block-columns is-layout-flex wp-container-core-columns-is-layout-9d6595d7 wp-block-columns-is-layout-flex">
<div class="wp-block-column is-layout-flow wp-block-column-is-layout-flow">
<section id="rise-blocks-heading-block-instance-0-6f815c-ae2-f00-6676-ff6a0cbafdc4"><div class="rise-blocks-heading-section wp-block-rise-blocks-heading left"><span class="rise-blocks-sub-title">mÚSICA</span><h1 class="rise-blocks-title">Música Afrocolombiana</h1><span class="rise-blocks-line"></span><div class="rise-blocks-sub-description">La música afrocolombiana conecta con la tierra y las raíces está relacionada con la herencia africana ya que ha pasado de generación y generación, es transmitida por adultos sabedores a través de la muestra y enseñanza de instrumentos musicales, cantos, celebraciones en la comunidad y despedida de muertos. <br><br>A través de la música nosotros como asociación y con el apoyo de adultos sabedores damos a conocer y resaltar el valor cultural de nuestros afrocolombianos, impulsar las manifestaciones artísticas y culturales con el propósito de que se conserve su tradición e identidad cultural y se transmita a niños, niñas y adolescente de nuestro país.</div></div></section>
</div>



<div class="wp-block-column is-layout-flow wp-block-column-is-layout-flow"><p>[metaslider id=&#8221;443&#8243;]</p>



<section id="rise-blocks-heading-block-instance-1-711fc-6a63-0200-50b-0e655cabf35"><div class="rise-blocks-heading-section wp-block-rise-blocks-heading center"><h1 class="rise-blocks-title">Nuestros espacios promueven el valor de la cultura Afro.</h1><span class="rise-blocks-line"></span></div></section>
</div>
</div>
</div></div></div>



<figure class="wp-block-image alignwide size-full"><img fetchpriority="high" decoding="async" width="1000" height="250" src="https://afrourramba.org//wp-content/uploads/2022/01/DSS.png" alt="" class="wp-image-431" srcset="https://afrourramba.org/wp-content/uploads/2022/01/DSS.png 1000w, https://afrourramba.org/wp-content/uploads/2022/01/DSS-300x75.png 300w, https://afrourramba.org/wp-content/uploads/2022/01/DSS-768x192.png 768w" sizes="(max-width: 1000px) 100vw, 1000px" /></figure>



<div id="rise-blocks-section-block-instance-1-71e703-086-a1e5-5136-6a550e7ac84" class="wp-block-rise-blocks-section"><div class="rise-blocks-boxed rise-blocks-section-wrapper"><div class="rise-blocks-section-inner">
<section id="rise-blocks-heading-block-instance-2-e1feb83-65c-21-ab38-660cdad287a"><div class="rise-blocks-heading-section wp-block-rise-blocks-heading left"><span class="rise-blocks-sub-title">Aprende +</span><h1 class="rise-blocks-title"><strong>Sobre nuestra música</strong></h1><span class="rise-blocks-line"></span><div class="rise-blocks-sub-description">La diversidad cultural es una característica esencial de la humanidad y un factor clave de su desarrollo. La comunidad afrocolombiana es reconocida por su compleja y rica diversidad cultural que se expresa en una gran pluralidad de identidades y de expresiones culturales. La diversidad cultural es una característica esencial de la humanidad, patrimonio común que debe valorarse y preservarse en provecho de todos, pues crea un mundo rico y variado, que acrecienta la gama de posibilidades y nutre las capacidades y los valores humanos, y constituye, por lo tanto, uno de los principales motores del desarrollo sostenible de las comunidades, los pueblos y las naciones.<br><br><strong>Reguetón</strong>: Este ritmo conserva características musicales típicamente africanas, donde los tambores, en función coral, se alternan con el canto y el palmoteo. Se emplea para enmarcar un juego coreográfico, en el que los bailarines ejecutan diversas figuras para conquistar a las mujeres. <br><br><strong>Bullarengue</strong>: El bullarengue es un género musical y una danza de la Costa Caribe de Colombia y de la provincia de Darién, Panamá. En Colombia es ejecutado principalmente por los actuales descendientes de los cimarrones que habitaron el Palenque de San Basilio. En Colombia, &#8220;bullerengue&#8221; o &#8220;bullarengue&#8221; significa &#8220;pollerón&#8221; (falda grande, usada especialmente en fiestas).<br><br><strong>Cumbia</strong>: La cumbia es un ritmo y un baile folclórico autóctono de la Costa Caribe colombiana con variantes de carácter igualmente folclórico en Panamá. La cumbia surge del sincretismo musical y cultural de negros, indígenas y, en menor escala, de los europeos en la región del delta del río Magdalena en la Costa Caribe Colombiana, con epicentro en la región de la población de El Banco, Magdalena, hasta Barranquilla. Es un ritmo popular en distintos países latinoamericanos. Es originaria de la parte alta del valle del río Magdalena, de la zona geográfica denominada Depresión Momposina, y aún más precisamente de la zona correspondiente al país indígena Pocabuy.<br><br><strong>La Tambora</strong>: El baile de Tambora o Baile cantao se realiza por parejas que danzan en forma circular. Es una danza cadenciosa y sensual donde los pies no se levantan del suelo, donde las caderas van serenas sin movimientos exagerados. A través de este ritmo y su danza es posible penetrar en lo más profundo del sentimiento de los pueblos ribereños del río Magdalena de donde es originaria.<br><br><strong>Chocuano:</strong> Es una danza religiosa. Es diferente al currulao aunque se interpreta con los mismos instrumentos. Está muy extendido entre las comunidades afrocolombianas del litoral Pacífico, con un posible ascendiente en Sierra Leona (África).<br>La caderona: Es un ritmo-canto y baile cuya coreografía representa la supervivencia de los antiguos landós, vacunaos, o la danza del vientre, tradicional entre los esclavos africanos. Se interpreta con los mismos instrumentos de las danzas anteriores.<br><br><strong>El currulao</strong>: Es una danza afrocolombiana es el estilo de baile más popular para muchas comunidades afrocolombianas a lo largo de la costa del Pacífico. Tiene características que resumen las influencias africanas traídas durante el período colonial por los mineros en las cuencas de los ríos del occidente del territorio. En la práctica, es posible observar referencias de un rito sacramental de fuerza ancestral y magia en el currulao.<br><br><strong>El abozao: </strong>Es una danza y ritmo típico del Chocó. Se origina en la cuenca del río Atrato, como expresión preferentemente instrumental y hace parte del repertorio festivo cuya ejecución se hace con Chirimía. La coreografía se traza como un juego de excitación mutuas entre el hombre y la mujer, en cada pareja, terminando con un cara a cara erótico.</div></div></section>
</div></div></div>

<p>La música afrocolombiana conecta con la tierra y las raíces está relacionada con la herencia africana ya que ha pasado de generación y generación.</p>

La música afrocolombiana conecta con la tierra y las raíces está relacionada con la herencia africana ya que ha pasado de generación y generación.
