{"id":6,"date":"2021-12-14T13:52:15","date_gmt":"2021-12-14T13:52:15","guid":{"rendered":"https:\/\/afrourramba.org\/\/?page_id=6"},"modified":"2022-01-16T20:50:50","modified_gmt":"2022-01-16T20:50:50","slug":"acerca-de","status":"publish","type":"page","link":"https:\/\/afrourramba.org\/index.php\/acerca-de\/","title":{"rendered":"Acerca de"},"content":{"rendered":"\n<div id=\"rise-blocks-section-block-instance-0-a8dd3ae-b124-f571-4005-fc26c56a0bd4\" class=\"wp-block-rise-blocks-section\"><div class=\"rise-blocks-boxed rise-blocks-section-wrapper\"><div class=\"rise-blocks-section-overlay\"><\/div><div class=\"rise-blocks-section-inner\">\n<div class=\"wp-block-columns is-layout-flex wp-container-core-columns-is-layout-9d6595d7 wp-block-columns-is-layout-flex\">\n<div class=\"wp-block-column is-layout-flow wp-block-column-is-layout-flow\">\n<section id=\"rise-blocks-heading-block-instance-0-ea6afc6-01b2-7438-f886-e3a55c6ae\"><div class=\"rise-blocks-heading-section wp-block-rise-blocks-heading left\"><span class=\"rise-blocks-sub-title\">QUIENES SOMOS<\/span><h2 class=\"rise-blocks-title\">Asociaci\u00f3n de Afrodescencientes Urramba<\/h2><span class=\"rise-blocks-line\"><\/span><div class=\"rise-blocks-sub-description\">La Asociaci\u00f3n de Afrodescendientes Urramba en su gesti\u00f3n se enfoca en impulsar los proyectos formulados en procura del mejoramiento de la calidad de vida de las comunidades afrodescendiente mediante el reconocimiento de sus derechos que han sido vulnerado de no ser reconocidos como territorio \u00e9tnico descendiente de los pueblos afrocolombiano. <br><br>Desarrollamos planes, programas o actividades que busquen la igualdad, equidad social de los territorios \u00e9tnicos afros y mediante todas nuestras gestiones nos esforzamos y comprometemos en terminar con \u00e9xitos todas las actividades que se deban realizar para el cumplimiento de nuestros objetivos sociales. <br><br>Gestionamos con responsabilidad planes de fortalecimiento en articulaci\u00f3n con las entidades P\u00fablicas y Privadas que tengan un plan de acci\u00f3n de responsabilidad social que contribuya al mejoramiento de la calidad de vida y generaci\u00f3n de ingreso, empleo y desarrollo en comunidades vulnerables afrodescendiente.  <\/div><\/div><\/section>\n<\/div>\n\n\n\n<div class=\"wp-block-column is-layout-flow wp-block-column-is-layout-flow\">\n<div class=\"wp-block-image\"><figure class=\"aligncenter size-full is-resized\"><img fetchpriority=\"high\" decoding=\"async\" src=\"https:\/\/afrourramba.org\/\/wp-content\/uploads\/2022\/01\/color_mapa-transparente.png\" alt=\"\" class=\"wp-image-249\" width=\"201\" height=\"279\" srcset=\"https:\/\/afrourramba.org\/wp-content\/uploads\/2022\/01\/color_mapa-transparente.png 693w, https:\/\/afrourramba.org\/wp-content\/uploads\/2022\/01\/color_mapa-transparente-216x300.png 216w\" sizes=\"(max-width: 201px) 100vw, 201px\" \/><\/figure><\/div>\n<\/div>\n<\/div>\n\n\n\n<div class=\"wp-block-columns border-top-col is-layout-flex wp-container-core-columns-is-layout-9d6595d7 wp-block-columns-is-layout-flex\">\n<div class=\"wp-block-column is-layout-flow wp-block-column-is-layout-flow\">\n<section id=\"rise-blocks-heading-block-instance-1-6f54812-b614-8e75-7b24-676831bad8\"><div class=\"rise-blocks-heading-section wp-block-rise-blocks-heading left\"><h2 class=\"rise-blocks-title\">Misi\u00f3n<\/h2><div class=\"rise-blocks-sub-description\">Somos una entidad sin \u00e1nimo de lucro que promueve, gestiona y ejecuta planes, programas, proyectos y actividades en el Departamento de La Guajira y fuera de \u00e9l, en busca del mejoramiento continuo de la calidad de vida de las comunidades negras. Nos caracterizamos por la b\u00fasqueda del mejoramiento continuo en nuestras actividades, en procura de aportar al progreso de nuestro Pa\u00eds y en especial al Departamento de La Guajira.<\/div><\/div><\/section>\n<\/div>\n\n\n\n<div class=\"wp-block-column is-layout-flow wp-block-column-is-layout-flow\">\n<section id=\"rise-blocks-heading-block-instance-2-c6f0f0-68-715-edc5-1e0afe381bd\"><div class=\"rise-blocks-heading-section wp-block-rise-blocks-heading left\"><h2 class=\"rise-blocks-title\">Visi\u00f3n<\/h2><div class=\"rise-blocks-sub-description\">En el a\u00f1o 2025, la organizaci\u00f3n deber\u00e1 estar consolidada como l\u00edder que contribuya al mejoramiento de la c\u00e1lida de vida de la poblaci\u00f3n afrodescendiente, mediante la promoci\u00f3n, gesti\u00f3n y ejecuci\u00f3n de planes, programas y proyectos. En consonancia con los Objetivos de Desarrollo Sostenibles y las Metas propuestas para la transformaci\u00f3n desde la equidad y el desarrollo humano.<\/div><\/div><\/section>\n<\/div>\n\n\n\n<div class=\"wp-block-column is-layout-flow wp-block-column-is-layout-flow\">\n<section id=\"rise-blocks-heading-block-instance-3-fbfda67-2cb8-6d08-3af-26c13e5dd1e\"><div class=\"rise-blocks-heading-section wp-block-rise-blocks-heading left\"><h2 class=\"rise-blocks-title\">Objetivo General<\/h2><div class=\"rise-blocks-sub-description\">Fortalecer la din\u00e1mica familiar y comunitaria de las familias afrodescendientes, consejos comunitarios, asociaciones de base y toda forma de expresi\u00f3n organizativa de los afrodescendientes, raizales, negros y palenqueros con asentamiento en el Departamento de La Guajira, y dem\u00e1s departamento mediante el reconocimiento de los valores ancestrales, como parte de la construcci\u00f3n de identidad de la cultura afrodescendiente.<\/div><\/div><\/section>\n<\/div>\n<\/div>\n<\/div><\/div><\/div>\n","protected":false},"excerpt":{"rendered":"","protected":false},"author":1,"featured_media":0,"parent":0,"menu_order":0,"comment_status":"closed","ping_status":"closed","template":"","meta":{"footnotes":""},"class_list":["post-6","page","type-page","status-publish","hentry"],"rise-blocks_excerpt":"","_links":{"self":[{"href":"https:\/\/afrourramba.org\/index.php\/wp-json\/wp\/v2\/pages\/6","targetHints":{"allow":["GET"]}}],"collection":[{"href":"https:\/\/afrourramba.org\/index.php\/wp-json\/wp\/v2\/pages"}],"about":[{"href":"https:\/\/afrourramba.org\/index.php\/wp-json\/wp\/v2\/types\/page"}],"author":[{"embeddable":true,"href":"https:\/\/afrourramba.org\/index.php\/wp-json\/wp\/v2\/users\/1"}],"replies":[{"embeddable":true,"href":"https:\/\/afrourramba.org\/index.php\/wp-json\/wp\/v2\/comments?post=6"}],"version-history":[{"count":2,"href":"https:\/\/afrourramba.org\/index.php\/wp-json\/wp\/v2\/pages\/6\/revisions"}],"predecessor-version":[{"id":376,"href":"https:\/\/afrourramba.org\/index.php\/wp-json\/wp\/v2\/pages\/6\/revisions\/376"}],"wp:attachment":[{"href":"https:\/\/afrourramba.org\/index.php\/wp-json\/wp\/v2\/media?parent=6"}],"curies":[{"name":"wp","href":"https:\/\/api.w.org\/{rel}","templated":true}]}}

<div id="rise-blocks-section-block-instance-0-a8dd3ae-b124-f571-4005-fc26c56a0bd4" class="wp-block-rise-blocks-section"><div class="rise-blocks-boxed rise-blocks-section-wrapper"><div class="rise-blocks-section-overlay"></div><div class="rise-blocks-section-inner">
<div class="wp-block-columns is-layout-flex wp-container-core-columns-is-layout-9d6595d7 wp-block-columns-is-layout-flex">
<div class="wp-block-column is-layout-flow wp-block-column-is-layout-flow">
<section id="rise-blocks-heading-block-instance-0-ea6afc6-01b2-7438-f886-e3a55c6ae"><div class="rise-blocks-heading-section wp-block-rise-blocks-heading left"><span class="rise-blocks-sub-title">QUIENES SOMOS</span><h2 class="rise-blocks-title">Asociación de Afrodescencientes Urramba</h2><span class="rise-blocks-line"></span><div class="rise-blocks-sub-description">La Asociación de Afrodescendientes Urramba en su gestión se enfoca en impulsar los proyectos formulados en procura del mejoramiento de la calidad de vida de las comunidades afrodescendiente mediante el reconocimiento de sus derechos que han sido vulnerado de no ser reconocidos como territorio étnico descendiente de los pueblos afrocolombiano. <br><br>Desarrollamos planes, programas o actividades que busquen la igualdad, equidad social de los territorios étnicos afros y mediante todas nuestras gestiones nos esforzamos y comprometemos en terminar con éxitos todas las actividades que se deban realizar para el cumplimiento de nuestros objetivos sociales. <br><br>Gestionamos con responsabilidad planes de fortalecimiento en articulación con las entidades Públicas y Privadas que tengan un plan de acción de responsabilidad social que contribuya al mejoramiento de la calidad de vida y generación de ingreso, empleo y desarrollo en comunidades vulnerables afrodescendiente.  </div></div></section>
</div>



<div class="wp-block-column is-layout-flow wp-block-column-is-layout-flow">
<div class="wp-block-image"><figure class="aligncenter size-full is-resized"><img fetchpriority="high" decoding="async" src="https://afrourramba.org//wp-content/uploads/2022/01/color_mapa-transparente.png" alt="" class="wp-image-249" width="201" height="279" srcset="https://afrourramba.org/wp-content/uploads/2022/01/color_mapa-transparente.png 693w, https://afrourramba.org/wp-content/uploads/2022/01/color_mapa-transparente-216x300.png 216w" sizes="(max-width: 201px) 100vw, 201px" /></figure></div>
</div>
</div>



<div class="wp-block-columns border-top-col is-layout-flex wp-container-core-columns-is-layout-9d6595d7 wp-block-columns-is-layout-flex">
<div class="wp-block-column is-layout-flow wp-block-column-is-layout-flow">
<section id="rise-blocks-heading-block-instance-1-6f54812-b614-8e75-7b24-676831bad8"><div class="rise-blocks-heading-section wp-block-rise-blocks-heading left"><h2 class="rise-blocks-title">Misión</h2><div class="rise-blocks-sub-description">Somos una entidad sin ánimo de lucro que promueve, gestiona y ejecuta planes, programas, proyectos y actividades en el Departamento de La Guajira y fuera de él, en busca del mejoramiento continuo de la calidad de vida de las comunidades negras. Nos caracterizamos por la búsqueda del mejoramiento continuo en nuestras actividades, en procura de aportar al progreso de nuestro País y en especial al Departamento de La Guajira.</div></div></section>
</div>



<div class="wp-block-column is-layout-flow wp-block-column-is-layout-flow">
<section id="rise-blocks-heading-block-instance-2-c6f0f0-68-715-edc5-1e0afe381bd"><div class="rise-blocks-heading-section wp-block-rise-blocks-heading left"><h2 class="rise-blocks-title">Visión</h2><div class="rise-blocks-sub-description">En el año 2025, la organización deberá estar consolidada como líder que contribuya al mejoramiento de la cálida de vida de la población afrodescendiente, mediante la promoción, gestión y ejecución de planes, programas y proyectos. En consonancia con los Objetivos de Desarrollo Sostenibles y las Metas propuestas para la transformación desde la equidad y el desarrollo humano.</div></div></section>
</div>



<div class="wp-block-column is-layout-flow wp-block-column-is-layout-flow">
<section id="rise-blocks-heading-block-instance-3-fbfda67-2cb8-6d08-3af-26c13e5dd1e"><div class="rise-blocks-heading-section wp-block-rise-blocks-heading left"><h2 class="rise-blocks-title">Objetivo General</h2><div class="rise-blocks-sub-description">Fortalecer la dinámica familiar y comunitaria de las familias afrodescendientes, consejos comunitarios, asociaciones de base y toda forma de expresión organizativa de los afrodescendientes, raizales, negros y palenqueros con asentamiento en el Departamento de La Guajira, y demás departamento mediante el reconocimiento de los valores ancestrales, como parte de la construcción de identidad de la cultura afrodescendiente.</div></div></section>
</div>
</div>
</div></div></div>
