{"id":668,"date":"2022-02-21T02:20:43","date_gmt":"2022-02-21T02:20:43","guid":{"rendered":"https:\/\/afrourramba.org\/\/?page_id=668"},"modified":"2022-02-21T02:25:21","modified_gmt":"2022-02-21T02:25:21","slug":"sabedores","status":"publish","type":"page","link":"https:\/\/afrourramba.org\/index.php\/sabedores\/","title":{"rendered":"Sabedores"},"content":{"rendered":"\n<div id=\"rise-blocks-section-block-instance-0-de41a0c-6361-f126-3d08-62b715d34b1\" class=\"wp-block-rise-blocks-section\"><div class=\"rise-blocks-boxed rise-blocks-section-wrapper\"><div class=\"rise-blocks-section-inner\">\n<div class=\"wp-block-columns is-layout-flex wp-container-core-columns-is-layout-9d6595d7 wp-block-columns-is-layout-flex\">\n<div class=\"wp-block-column is-layout-flow wp-block-column-is-layout-flow\">\n<section id=\"rise-blocks-heading-block-instance-0-0e2b18e-5da-43e6-4a3d-f21ee807d85c\"><div class=\"rise-blocks-heading-section wp-block-rise-blocks-heading left\"><span class=\"rise-blocks-sub-title\">gASTRONOM\u00cdA<\/span><h1 class=\"rise-blocks-title\">NUESTRA MEDICINA TRADICIONAL<\/h1><span class=\"rise-blocks-line\"><\/span><div class=\"rise-blocks-sub-description\">Como parte de la construcci\u00f3n e implementaci\u00f3n de los planes de etnodesarrollo nuestro territorio ancestral posee una diversidad de plantas medicinales. Nuestros adultos sabedores se apropiaron de estos conocimientos de la naturaleza y a pesar de que han sido olvidados por la sociedad, tienen gran importancia al momento de curar las enfermedades. Uno de nuestros prop\u00f3sitos es generar espacios de intercambio de saberes entre adultos sabedores, j\u00f3venes y ni\u00f1os, transmitir los usos de las plantas medicinales de la comunidad para seguir fortaleciendo la identidad cultural.<br><br>Invitamos a continuar transitando en los saberes ancestrales de los mayores, a recuperar la sabidur\u00eda del territorio, a volver a la vida y a encauzar nuestras energ\u00edas hac\u00eda una paz justa y equitativa.<br><\/div><\/div><\/section>\n<\/div>\n\n\n\n<div class=\"wp-block-column is-layout-flow wp-block-column-is-layout-flow\"><p>[metaslider id=&#8221;671&#8243;]<\/p>\n\n\n\n<section id=\"rise-blocks-heading-block-instance-0-33877f-3011-611-47e3-7c42857ab03\"><div class=\"rise-blocks-heading-section wp-block-rise-blocks-heading center\"><h1 class=\"rise-blocks-title\">La\u00a0<strong>medicina<\/strong>\u00a0negra milenaria ha contribuido enormemente a la salud de los pobladores \u00e9tnicos, al mismo tiempo que se preservan valores culturales y ambientales bajo la l\u00f3gica de nuestra propia cosmovisi\u00f3n en armon\u00eda con los recursos naturales del territorio.<\/h1><span class=\"rise-blocks-line\"><\/span><\/div><\/section>\n\n\n\n<p><\/p>\n<\/div>\n<\/div>\n<\/div><\/div><\/div>\n\n\n\n<div id=\"rise-blocks-section-block-instance-1-6bdc0c-1e66-a16e-6fd0-b12c5da8ebf5\" class=\"wp-block-rise-blocks-section\"><div class=\"rise-blocks-boxed rise-blocks-section-wrapper\"><div class=\"rise-blocks-section-inner\"><\/div><\/div><\/div>\n","protected":false},"excerpt":{"rendered":"<p>Las cocinas constituyen un elemento de sinergia sobre diversos aspectos de la vida de las comunidades.<\/p>\n","protected":false},"author":1,"featured_media":226,"parent":0,"menu_order":0,"comment_status":"closed","ping_status":"closed","template":"","meta":{"footnotes":""},"class_list":["post-668","page","type-page","status-publish","has-post-thumbnail","hentry"],"rise-blocks_excerpt":"Las cocinas constituyen un elemento de sinergia sobre diversos aspectos de la vida de las comunidades.","_links":{"self":[{"href":"https:\/\/afrourramba.org\/index.php\/wp-json\/wp\/v2\/pages\/668","targetHints":{"allow":["GET"]}}],"collection":[{"href":"https:\/\/afrourramba.org\/index.php\/wp-json\/wp\/v2\/pages"}],"about":[{"href":"https:\/\/afrourramba.org\/index.php\/wp-json\/wp\/v2\/types\/page"}],"author":[{"embeddable":true,"href":"https:\/\/afrourramba.org\/index.php\/wp-json\/wp\/v2\/users\/1"}],"replies":[{"embeddable":true,"href":"https:\/\/afrourramba.org\/index.php\/wp-json\/wp\/v2\/comments?post=668"}],"version-history":[{"count":2,"href":"https:\/\/afrourramba.org\/index.php\/wp-json\/wp\/v2\/pages\/668\/revisions"}],"predecessor-version":[{"id":692,"href":"https:\/\/afrourramba.org\/index.php\/wp-json\/wp\/v2\/pages\/668\/revisions\/692"}],"wp:featuredmedia":[{"embeddable":true,"href":"https:\/\/afrourramba.org\/index.php\/wp-json\/wp\/v2\/media\/226"}],"wp:attachment":[{"href":"https:\/\/afrourramba.org\/index.php\/wp-json\/wp\/v2\/media?parent=668"}],"curies":[{"name":"wp","href":"https:\/\/api.w.org\/{rel}","templated":true}]}}